 10, what is -232 + 4958?
4726
In base 4, what is -1 - 2112233201?
-2112233202
In base 4, what is 230 - -120301?
121131
In base 14, what is -2 - -350?
34c
In base 11, what is 240 + 391?
621
In base 4, what is -121332 + -13?
-122011
In base 7, what is 16446443 - 4?
16446436
In base 13, what is 5 - -caa?
cb2
In base 5, what is -420204 - 13?
-420222
In base 4, what is 302 - 1010033?
-1003131
In base 11, what is a + 5832?
5841
In base 13, what is -4a8 + 19a9?
1501
In base 13, what is -1ca09 - 16?
-1ca22
In base 9, what is 21266 - 73?
21183
In base 13, what is 3 + 166c?
1672
In base 15, what is 4 + -2428?
-2424
In base 15, what is -14730 + 4?
-1472b
In base 15, what is -7 - 1796?
-179d
In base 5, what is 420224002 + -2?
420224000
In base 16, what is 52c + -c2?
46a
In base 13, what is -35 + -52b5?
-531a
In base 10, what is -532 - 28?
-560
In base 13, what is 33 - -115b?
1191
In base 3, what is 11001 - 1020120?
-1002112
In base 12, what is 2 - 10a30?
-10a2a
In base 3, what is 0 + 102111212202?
102111212202
In base 13, what is -1a4 + 425?
251
In base 7, what is 1 + 222126?
222130
In base 16, what is b34 + -94?
aa0
In base 15, what is c - -13bab?
13bb8
In base 7, what is 4 + 13201532?
13201536
In base 14, what is 5 - -39795?
3979a
In base 11, what is -21 + -21a34?
-21a55
In base 14, what is 2 + -429b?
-4299
In base 8, what is 1752320 + 4?
1752324
In base 14, what is -2b - -250?
223
In base 7, what is 4 + 25414?
25421
In base 5, what is 3 + -124424?
-124421
In base 15, what is -3 + 3937e?
3937b
In base 12, what is -47a + 46b?
-b
In base 9, what is -2041 - 363?
-2414
In base 11, what is 72 - -1118?
118a
In base 6, what is 1405 - -1245?
3054
In base 13, what is 3 + 1bbac9?
1bbacc
In base 7, what is -400 - -1111?
411
In base 12, what is 22a - -22b?
459
In base 3, what is 210212002 - 12?
210211220
In base 16, what is 3b4 + -1?
3b3
In base 14, what is -5 - 12349?
-12350
In base 15, what is -4228 - -2a?
-41ed
In base 3, what is -2111201210 - -11?
-2111201122
In base 14, what is -2a7a + -144?
-2bc0
In base 9, what is 0 - 508?
-508
In base 11, what is 9 - 640?
-632
In base 11, what is -787 + -2?
-789
In base 7, what is -335262 - 1?
-335263
In base 14, what is 5b - -2887?
2904
In base 14, what is 9 + -363?
-358
In base 15, what is -3 + -3bd3?
-3bd6
In base 6, what is 2 - -142152?
142154
In base 9, what is -50883 - 6?
-51000
In base 10, what is -6 + 18724?
18718
In base 7, what is -5 - 204153?
-204161
In base 3, what is 10010 - 201220?
-121210
In base 16, what is 2 - -1a31b7?
1a31b9
In base 9, what is -32 + -1734?
-1766
In base 5, what is 12020 - -400?
12420
In base 3, what is -122111 - -201?
-121210
In base 13, what is 1c - -c02?
c21
In base 6, what is 0 - 133451?
-133451
In base 6, what is -12544 - -422?
-12122
In base 13, what is 2 - -4aa2?
4aa4
In base 15, what is 35a - 1d?
33c
In base 8, what is 46 + 2126?
2174
In base 16, what is 4 - -c1cd9?
c1cdd
In base 12, what is b + -3828?
-3819
In base 9, what is 34 + -14386?
-14352
In base 3, what is -10021202102 + -1121?
-10021211000
In base 6, what is -151 - -14400?
14205
In base 14, what is 32b2 - 25?
328b
In base 12, what is -28578 + 6a?
-2850a
In base 13, what is 7990 + 1?
7991
In base 7, what is 0 + 3254504?
3254504
In base 5, what is 1310224 + -103?
1310121
In base 16, what is -3aa3 + 3?
-3aa0
In base 14, what is b + 4d0cb?
4d0d8
In base 8, what is -2 - 66404?
-66406
In base 12, what is 42144 + -4b?
420b5
In base 6, what is 30220332 + -4?
30220324
In base 7, what is -24 + 34601?
34544
In base 14, what is -8d82 + -5?
-8d87
In base 2, what is 111010 + -1011101101000?
-1011100101110
In base 4, what is 2312323320 - 23?
2312323231
In base 9, what is 13 + -5563?
-5550
In base 6, what is 1145 - -145?
1334
In base 2, what is -1000110110 + 1101010001100?
1100001010110
In base 10, what is 336354 + 1?
336355
In base 5, what is 3 + 340231?
340234
In base 12, what is -483 - 1462?
-1925
In base 11, what is 5 + 13232?
13237
In base 14, what is 2d17 + -310?
2a07
In base 14, what is 4c - -1220c?
1225a
In base 4, what is -222123021 + 0?
-222123021
In base 7, what is -5 - 20552?
-20560
In base 13, what is -549b4 + -1?
-549b5
In base 12, what is 70a303 - -2?
70a305
In base 8, what is 5 - -1040215?
1040222
In base 14, what is -22224 + -1?
-22225
In base 10, what is -79 + -1208?
-1287
In base 6, what is -42154 + -21?
-42215
In base 4, what is 3 + 2231133000?
2231133003
In base 6, what is 5 - 55024?
-55015
In base 16, what is -943f - ab?
-94ea
In base 8, what is 2464 - -22?
2506
In base 11, what is -704901 - 5?
-704906
In base 16, what is -4 - -59982?
5997e
In base 12, what is 50642 + -1?
50641
In base 16, what is -9 + -af3?
-afc
In base 16, what is -39132 - 1?
-39133
In base 8, what is -2313353 + -2?
-2313355
In base 4, what is -20302322303 - 11?
-20302322320
In base 3, what is -1100120 + -12?
-1100202
In base 3, what is 100111200210 - 0?
100111200210
In base 16, what is -42 - -b7?
75
In base 13, what is -12821 + -11?
-12832
In base 7, what is -32452 + -230?
-33012
In base 9, what is -4008 - 102?
-4111
In base 5, what is 3442344 - 102?
3442242
In base 10, what is 14 - 2155?
-2141
In base 11, what is 1722 + 43?
1765
In base 2, what is -111011000010 - -11?
-111010111111
In base 13, what is 5025 - -2b3?
5308
In base 2, what is -111001101 - 10010101?
-1001100010
In base 15, what is 1 + -188ce1?
-188ce0
In base 4, what is 1022100101 + 0?
1022100101
In base 9, what is 15563 - -7?
15571
In base 7, what is -16 + 3056?
3040
In base 16, what is 5 - db07?
-db02
In base 14, what is -40 + 271d6?
27196
In base 6, what is -1 + -153033?
-153034
In base 8, what is 76 - -451?
547
In base 4, what is 3 + 2302221?
2302230
In base 13, what is 3 - 38a84?
-38a81
In base 4, what is -1032223 + 3003?
-1023220
In base 5, what is 10040 - -204?
10244
In base 8, what is -1672173 - -2?
-1672171
In base 4, what is 3 - -11013310?
11013313
In base 8, what is 24 + 26665?
26711
In base 6, what is 1044515 - 2?
1044513
In base 2, what is 1010011000 - 10111000001?
-1100101001
In base 2, what is -110011110 - -1111?
-110001111
In base 16, what is -2ff1 - 11?
-3002
In base 13, what is 75a4 + -2?
75a2
In base 12, what is 3 + 2631b?
26322
In base 15, what is 36e - -4d?
3bc
In base 2, what is -100000000101100001011 - 1?
-100000000101100001100
In base 9, what is 26756 + 3?
26760
In base 16, what is -28 + 6a4a?
6a22
In base 3, what is -110220102 + -102?
-110220211
In base 3, what is 11102201011 + -21?
11102200220
In base 9, what is -6 - -27823?
27816
In base 8, what is 3106122 + -2?
3106120
In base 3, what is -20212 + -110110?
-201022
In base 13, what is 690 + 74?
734
In base 11, what is -4 - -3276a?
32766
In base 9, what is 1773533 - -1?
1773534
In base 15, what is 262 + 1cb?
43d
In base 16, what is -6 + a70?
a6a
In base 8, what is 22717 + -5?
22712
In base 12, what is 2 - -44541?
44543
In base 11, what is 3 - 44545a?
-445457
In base 12, what is -8116 + 1?
-8115
In base 4, what is -10323 - -1232?
-3031
In base 10, what is 7 - 21042?
-21035
In base 6, what is -502 + 1340?
434
In base 8, what is 243 - 655?
-412
In base 2, what is -1010010111001001111 - -101?
-1010010111001001010
In base 2, what is 101 - 11110001010010?
-11110001001101
In base 15, what is 2 - -bcd8?
bcda
In base 6, what is -332 - -151452?
151120
In base 4, what is -23 - 13200102?
-13200131
In base 12, what is 3b38 - -a?
3b46
In base 8, what is -4 + 14113?
14107
In base 11, what is -63 + 21687?
21624
In base 5, what is 21 + -4030333?
-4030312
In base 8, what is 10070 + -674?
7174
In base 6, what is -3214 + -3223?
-10441
In base 7, what is -146 + -1146?
-1325
In base 15, what is 5 + a98b?
a991
In base 11, what is 179a - -173?
1962
In base 15, what is 4e - 71?
-22
In base 9, what is 43 - -221?
264
In base 11, what is 12 - 2580?
-2569
In base 14, what is 7 + -57645?
-5763c
In base 2, what is -1010010010001 - 1101111?
-1010100000000
In base 3, what is 221120 - -10012121?
11011011
In base 8, what is -6633 - -55?
-6556
In base 5, what is -3 + 42203143?
42203140
In base 9, what is 1444 - 146?
1287
In base 7, what is 5 - -45421?
45426
In base 10, what is 2 + 1948?
1950
In base 5, what is -3 + -41333244?
-41333302
In base 7, what is -5 - -3652446?
3652441
In base 16, what is -3 - 13262?
-13265
In base 10, what is -5 + 